when 16/56 + 0 + 78/21 is divided by t?
0
Suppose -u + 36 = 3*u. Calculate the remainder when u is divided by 15/30 - 10/(-4).
0
Suppose 2*u + 15 + 400 = 5*z, z + 4*u - 105 = 0. Let v(h) = -30*h - 1. Calculate the remainder when z is divided by v(-1).
27
Let r(s) = -s**3 - 12*s**2 - 17*s + 47. What is the remainder when 764 is divided by r(-10)?
16
Let c = -185 + 227. What is the remainder when c is divided by 16?
10
Let l = 914 - 884. What is the remainder when l is divided by 2?
0
Let n be 4/(-20) - 1824/(-20). Suppose -3*a + n = -2*a. Calculate the remainder when a is divided by 19.
15
Let y(p) = 29*p - 547. Let l = 36 + -20. Calculate the remainder when y(21) is divided by l.
14
Suppose 136 = -3*h + 439. Calculate the remainder when h is divided by 21.
17
Suppose -169 + 61 = -4*t. Calculate the remainder when 73 is divided by -4 + 0 + t - 4.
16
Let r = -258 - -270. What is the remainder when 29 is divided by r?
5
Let q(k) = k**2 - 6*k + 5. Let g be q(5). Let a(j) = 11*j**2 + 6*j - 9. Let w be a(5). Suppose -4*u = -g*u - w. Calculate the remainder when u is divided by 19.
17
Let w(t) = -t**3 + 8*t**2 + 7*t - 33. Let i = -20 - -26. What is the remainder when w(3) is divided by i?
3
Suppose -76 = -15*l + 14*l + 2*z, 0 = -4*l + 2*z + 310. Calculate the remainder when l is divided by 10.
8
Let f = -110 + 72. Let x = 35 + f. What is the remainder when 69 is divided by -1 - (x - -1) - -34?
34
What is the remainder when (8/12)/(38/4047) is divided by 17?
3
Let d = 181 + -145. Calculate the remainder when d is divided by 19.
17
Let s = 60 - 27. Let u = 2628 - 2615. Calculate the remainder when s is divided by u.
7
Suppose 4*l - 22 = -o, o + l - 8 - 20 = 0. Calculate the remainder when 49 is divided by o.
19
Let c = 15 - 13. Suppose n + 12 = -c*n. Calculate the remainder when 64 is divided by (-89)/n - 9/36.
20
Suppose -10*n - 1919 = -7169. What is the remainder when n is divided by 33?
30
Let o(h) = -2*h**2 + 45*h + 50. Calculate the remainder when 36 is divided by o(23).
9
Let r(n) be the second derivative of n**5/20 + 7*n**4/3 - n**3/2 + 31*n**2/2 - 55*n. Calculate the remainder when r(-28) is divided by 60.
55
What is the remainder when 228 is divided by 12160/512 - (-6)/(-8)?
21
Let w(g) = 39*g**2 - 77*g + 6. What is the remainder when w(4) is divided by 19?
18
Suppose 3*a + 4*c = 589, 3*a = -2*c - c + 585. Calculate the remainder when a is divided by 6.
5
Suppose -1 = b, 0 = 2*m + 2*b + 2*b - 130. Calculate the remainder when m is divided by 6/4*504/54.
11
Calculate the remainder when 25 - (5 + (-8)/8) is divided by 6.
3
Suppose -2*w - 165 = -3*r - w, 4*w = r - 55. Suppose 13*g + 276 = -36. Calculate the remainder when r is divided by ((-675)/(-24) - (-3)/g) + 1.
26
Let x = -53 + 101. Let k be 2 + (-12)/8 - 6/(-4). Calculate the remainder when x is divided by k/(-7) + (2325/35)/5.
9
Let k(p) be the second derivative of p**3/3 + 7*p**2/2 - 14*p. Calculate the remainder when k(4) is divided by 5.
0
Let f = -48 + 44. Let u(l) = -l**3 - 4*l**2 - 4*l - 3. What is the remainder when 38 is divided by u(f)?
12
Let d(p) = -p**3 + 5*p**2 + 2*p - 9. Calculate the remainder when 2308 is divided by d(4).
13
Let g(r) = -2*r**2 - 16*r - 5. Let x be g(-7). Suppose 13*p - 56 = x*p. What is the remainder when 67 is divided by p?
11
Let g = 3 + -3. Suppose 4*q - 32 = -g*q. Let y = 572 - 557. What is the remainder when y is divided by q?
7
Suppose -9 = -3*y, -x - 4*x = -3*y - 306. Let g = -52 + x. Calculate the remainder when g is divided by 5.
1
Let x = -308 - -319. Calculate the remainder when 39 is divided by x.
6
Suppose 0 = 12*x - 8*x - 76. Let f be 0*((-3)/(-6))/1. Suppose f*z + 5*z = 365. Calculate the remainder when z is divided by x.
16
Suppose -v - 153 = -3*d, d = 3*d - 5*v - 115. Suppose d = 10*b - 8*b. Calculate the remainder when 49 is divided by b.
24
Let k = -766 + 980. What is the remainder when k is divided by 55?
49
Let c(m) be the second derivative of m**4/4 - 10*m**3/3 + 6*m**2 - 25*m. What is the remainder when 83 is divided by c(7)?
7
What is the remainder when 150/39 + -4 + (-10883)/(-13) is divided by 42?
39
Let d(n) = n**2 + 2*n - 6. Let g be d(4). Suppose -x + g = -3. Calculate the remainder when 38 is divided by 196/x - (-4)/6.
8
Let z(v) = 15*v**2 - 7*v - 6. Let o(m) = 2 - 7 + 10 - 15*m**2 + 6*m. Let r(u) = -7*o(u) - 6*z(u). Calculate the remainder when r(1) is divided by 10.
6
Suppose -4 = -2*v + 18. What is the remainder when (128/6 + -2)*(-222)/(-148) is divided by v?
7
Let h = -712 - -769. Calculate the remainder when 127 is divided by h.
13
Let d(s) = -s**3 + 8*s**2 - 8*s. Suppose -5*m + 22 = 2*b, b = m - 6*m + 26. Calculate the remainder when d(m) is divided by (-183)/(-27) + 4/18.
3
Let p(u) = u**3 + 17*u**2 - 20*u - 23. Let a be p(-18). Suppose 7*l - 70 = -5*o + 2*l, -2*o - 5*l = -a. What is the remainder when 54 is divided by o?
16
Let a be 1463/21 + (-1)/(-3). Suppose a - 15 = -d. Calculate the remainder when 0 - d - 3 - 1 is divided by 18.
15
Let v(i) = i**2 - 11*i - 201. What is the remainder when 98 is divided by v(-10)?
8
Suppose 5*y - 2*c = 15, 0*y + 2*y = 5*c - 15. Let s = -167 - -425. What is the remainder when (-4)/(-22) - s/(-33) is divided by y?
3
Suppose -4*m + 3*h = 1, 5*h - 13 = 2*m - m. Suppose 5*d = 3*k + 134 + 30, -k = -m*d + 66. What is the remainder when 167 is divided by d?
31
Suppose -2*y + h + 32 = 0, -3*h + 12 = y + 3. What is the remainder when 91 is divided by y?
1
Let b(i) = -69*i - 370. What is the remainder when b(-11) is divided by 23?
21
Let n be (20/25)/(4/(-90)). Let r = 43 + n. Let c = 35 - r. What is the remainder when 19 is divided by c?
9
Let w(j) = -j + 2. Let n be w(1). Let z be 4604/24 + n/6. Suppose 3*k + 9 = z. Calculate the remainder when k is divided by 16.
13
Suppose -4*w + 30 = w. Suppose w*f + 48 = 10*f. Calculate the remainder when 10 is divided by ((-1)/(-2))/(2/f).
1
Let j(a) = -11*a**3 - a**2 + a. Let v be j(-1). Let n(x) = 5*x + 26. What is the remainder when n(v) is divided by 24?
23
Suppose k + 163 - 166 = 0. Calculate the remainder when 56 is divided by k.
2
Suppose 0*x - v = -4*x + 28, 4*x + 3*v = 12. Suppose 84 = -2*z + x*z. Calculate the remainder when z is divided by 8.
5
Let q be (-4)/(-4 - 8/(-3)). Suppose -15 = -y - 0*y - 4*l, 0 = -4*y + q*l + 98. Let a(w) = 91*w**2 - w. Calculate the remainder when a(1) is divided by y.
21
Let r(c) = 2 + 3 + 4*c**2 - 4. Let i(p) = p**2 + 2*p - 1. Let a be i(-3). Calculate the remainder when r(a) is divided by 5.
2
Let f(a) = a + 4. Let l(t) = t. Let n be l(-2). What is the remainder when 2 is divided by f(n)?
0
Let q(k) = 39*k - 171. What is the remainder when 50 is divided by q(5)?
2
Suppose 0 = -3*j - 2*n + 84, 0 = -3*j + 3*n + 29 + 55. Calculate the remainder when 946 is divided by j.
22
Let m(o) = 12*o**3 - 5*o**2 + 9*o - 10. Calculate the remainder when m(3) is divided by 20.
16
Suppose -3*i - 30 = -f - 1, 5*i = -5*f + 145. Calculate the remainder when f is divided by 18.
11
Suppose 2*q = -19 + 11, -l + 3*q = -34. Calculate the remainder when l is divided by 11.
0
Calculate the remainder when (-2425)/(-10) - (22/4 + -3) is divided by 81.
78
Let i(l) = -3*l - 5 + 5 - 2 + 1. What is the remainder when 53 is divided by i(-4)?
9
Let h = 21 + 2. Suppose c + 16 = k - h, 0 = 2*k + 2*c - 62. Calculate the remainder when k is divided by 24/5*130/52.
11
Let p(w) = w + 30. Calculate the remainder when ((-597)/3 + -3)/(-2) is divided by p(4).
33
Suppose 2*m - 4*d = -68, -4*d = 4*m + 64 + 60. Let i be m/15 + 12/90. What is the remainder when 1128/16 + i/4 is divided by 18?
16
Suppose -3*s + 18 = 2*t, 5*t + s + 0*s - 32 = 0. What is the remainder when (8 + (1 - 7))*(-18)/(-4) is divided by t?
3
Let k(m) = -m**3 + 10*m**2 + 14*m + 49. What is the remainder when k(11) is divided by 29?
24
Let p = -16 - -31. Suppose -5*z = -p - 40. Calculate the remainder when 43 is divided by z.
10
Let j(k) = -2*k**2 - 64*k + 158. What is the remainder when 25 is divided by j(-34)?
3
What is the remainder when 0 - (-400 + (-4 - (-4 - -2))) is divided by 24?
18
Let d = 28 + -31. Let f(j) = -9*j + 1. What is the remainder when f(d) is divided by (1 + 2)*(-20)/(-6)?
8
Suppose -5*b - l = 2*l - 3611, 2167 = 3*b + 2*l. Suppose -238 = 5*h - s - b, -h + 103 = 3*s